{"id":31,"date":"2015-04-16T02:24:46","date_gmt":"2015-04-16T00:24:46","guid":{"rendered":"http:\/\/teakwondo.thbmedia.eu\/?page_id=31"},"modified":"2026-01-04T16:45:23","modified_gmt":"2026-01-04T15:45:23","slug":"kurse","status":"publish","type":"page","link":"https:\/\/www.taekwondo-rhoen.de\/?page_id=31","title":{"rendered":"Kurse"},"content":{"rendered":"<h2><span style=\"color: #808080;\"><strong>Kinderkurs f\u00fcr Anf\u00e4nger<br \/>\n<\/strong><\/span><\/h2>\n<p>Unser Kurs f\u00fcr Kinder findet immer freitags von 17.30 &#8211; 18.30 Uhr statt.<\/p>\n<p>Wer Lust hat, kann jederzeit freitags bei uns vorbei kommen und kostenlos und unverbindlich am Probetraining teilnehmen.<\/p>\n<p>N\u00e4here Informationen erhalten sie gerne \u00fcber unsere Email-Adresse\u00a0 \u00a0taekwondo.rhoengrabfeld@gmail.com<\/p>\n<hr \/>\n<h3><span style=\"color: #808080;\"><b>Selbstverteidigung f\u00fcr Kinder, Frauen und M\u00e4nner &#8211; st\u00e4rke dein Selbstvertrauen und lerne &#8222;Nein !&#8220; zu sagen<br \/>\n<\/b><\/span><\/h3>\n<p>In diesem Kurs vermitteln wir den Teilnehmern \/ Teilnehmerinnen einfache Techniken um sich selbst zu sch\u00fctzen und im Notfall zu wehren.<\/p>\n<p>Au\u00dferdem werden verschiedene Alltagssituationen nachgestellt sowie das Selbstbewusstsein gest\u00e4rkt.<\/p>\n<p>Power und Technik, sowie Spa\u00df pur.<\/p>\n<p>Sprecht uns an, gerne halten wir f\u00fcr euch einen Kurs ab, entweder in unserer\u00a0 Vereinshalle oder in eurer Halle vor Ort &#8211; ab 10 Teilnehmern<\/p>\n<p>Termin nach Vereinbarung.<\/p>\n","protected":false},"excerpt":{"rendered":"<p>Kinderkurs f\u00fcr Anf\u00e4nger Unser Kurs f\u00fcr Kinder findet immer freitags von 17.30 &#8211; 18.30 Uhr statt. Wer Lust hat, kann jederzeit freitags bei uns vorbei kommen und kostenlos und unverbindlich am Probetraining teilnehmen. N\u00e4here Informationen erhalten sie gerne \u00fcber unsere Email-Adresse\u00a0 \u00a0taekwondo.rhoengrabfeld@gmail.com Selbstverteidigung f\u00fcr Kinder, Frauen und M\u00e4nner &#8211; st\u00e4rke dein Selbstvertrauen und lerne &#8222;Nein [&hellip;]<\/p>\n","protected":false},"author":1,"featured_media":0,"parent":10,"menu_order":30,"comment_status":"closed","ping_status":"closed","template":"","meta":{"jetpack_post_was_ever_published":false,"footnotes":""},"class_list":["post-31","page","type-page","status-publish","hentry"],"jetpack_sharing_enabled":true,"jetpack_shortlink":"https:\/\/wp.me\/P61475-v","_links":{"self":[{"href":"https:\/\/www.taekwondo-rhoen.de\/index.php?rest_route=\/wp\/v2\/pages\/31"}],"collection":[{"href":"https:\/\/www.taekwondo-rhoen.de\/index.php?rest_route=\/wp\/v2\/pages"}],"about":[{"href":"https:\/\/www.taekwondo-rhoen.de\/index.php?rest_route=\/wp\/v2\/types\/page"}],"author":[{"embeddable":true,"href":"https:\/\/www.taekwondo-rhoen.de\/index.php?rest_route=\/wp\/v2\/users\/1"}],"replies":[{"embeddable":true,"href":"https:\/\/www.taekwondo-rhoen.de\/index.php?rest_route=%2Fwp%2Fv2%2Fcomments&post=31"}],"version-history":[{"count":17,"href":"https:\/\/www.taekwondo-rhoen.de\/index.php?rest_route=\/wp\/v2\/pages\/31\/revisions"}],"predecessor-version":[{"id":1031,"href":"https:\/\/www.taekwondo-rhoen.de\/index.php?rest_route=\/wp\/v2\/pages\/31\/revisions\/1031"}],"up":[{"embeddable":true,"href":"https:\/\/www.taekwondo-rhoen.de\/index.php?rest_route=\/wp\/v2\/pages\/10"}],"wp:attachment":[{"href":"https:\/\/www.taekwondo-rhoen.de\/index.php?rest_route=%2Fwp%2Fv2%2Fmedia&parent=31"}],"curies":[{"name":"wp","href":"https:\/\/api.w.org\/{rel}","templated":true}]}}