{"id":25,"date":"2015-04-16T02:23:36","date_gmt":"2015-04-16T00:23:36","guid":{"rendered":"http:\/\/teakwondo.thbmedia.eu\/?page_id=25"},"modified":"2024-01-22T15:25:05","modified_gmt":"2024-01-22T14:25:05","slug":"trainer","status":"publish","type":"page","link":"https:\/\/www.taekwondo-rhoen.de\/?page_id=25","title":{"rendered":"Trainer"},"content":{"rendered":"<div id=\"metaslider-id-165\" style=\"width: 100%; margin: 0 auto;\" class=\"ml-slider-3-92-0 metaslider metaslider-flex metaslider-165 ml-slider ms-theme-default\" role=\"region\" aria-roledescription=\"Slideshow\" aria-label=\"Diashow_Trainer\">\n    <div id=\"metaslider_container_165\">\n        <div id=\"metaslider_165\">\n            <ul class='slides'>\n                <li style=\"display: block; width: 100%;\" class=\"slide-409 ms-image \" aria-roledescription=\"slide\" aria-label=\"slide-409\"><img loading=\"lazy\" decoding=\"async\" src=\"https:\/\/www.taekwondo-rhoen.de\/wp-content\/uploads\/2018\/12\/Slider_Trainer_2-e1572623909595-1600x445.jpg\" height=\"445\" width=\"1600\" alt=\"\" class=\"slider-165 slide-409\" \/><\/li>\n                <li style=\"display: none; width: 100%;\" class=\"slide-398 ms-image \" aria-roledescription=\"slide\" aria-label=\"slide-398\"><img loading=\"lazy\" decoding=\"async\" src=\"https:\/\/www.taekwondo-rhoen.de\/wp-content\/uploads\/2018\/12\/Slider_3_neu-1600x445.jpg\" height=\"445\" width=\"1600\" alt=\"\" class=\"slider-165 slide-398\" \/><\/li>\n                <li style=\"display: none; width: 100%;\" class=\"slide-406 ms-image \" aria-roledescription=\"slide\" aria-label=\"slide-406\"><img loading=\"lazy\" decoding=\"async\" src=\"https:\/\/www.taekwondo-rhoen.de\/wp-content\/uploads\/2018\/12\/Slider_Trainer_31-e1572623622127-1600x445.jpg\" height=\"445\" width=\"1600\" alt=\"\" class=\"slider-165 slide-406\" \/><\/li>\n            <\/ul>\n        <\/div>\n        \n    <\/div>\n<\/div>\n<p>&nbsp;<\/p>\n<h3><span style=\"color: #003366;\"><em><strong>Unser Trainerteam<\/strong><\/em><\/span><\/h3>\n<p>&nbsp;<\/p>\n<figure id=\"attachment_380\" aria-labelledby=\"figcaption_attachment_380\" class=\"wp-caption alignleft\" style=\"width: 150px\"><a href=\"https:\/\/www.taekwondo-rhoen.de\/wp-content\/uploads\/2018\/12\/12_Nicole-Kim.jpg\"><img loading=\"lazy\" decoding=\"async\" class=\"wp-image-380 size-thumbnail\" src=\"https:\/\/www.taekwondo-rhoen.de\/wp-content\/uploads\/2018\/12\/12_Nicole-Kim-150x150.jpg\" alt=\"Nicole\" width=\"150\" height=\"150\" \/><\/a><figcaption id=\"figcaption_attachment_380\" class=\"wp-caption-text\">Nicole<\/figcaption><\/figure>\n<ul>\n<li>1996: Beginn mit TKD im TKD-Verein Rh\u00f6n-Grabfeld<\/li>\n<li>2011 und 2012: Platz 2 bei den deutschen Hochschulmeisterschaften<\/li>\n<li>2013: Bronzemedaille bei den europ\u00e4ischen Hochschulmeisterschaften in Moskau<\/li>\n<li>5. Dan Taekwondo<\/li>\n<\/ul>\n<p>&nbsp;<\/p>\n<p>&nbsp;<\/p>\n<p>&nbsp;<\/p>\n<figure id=\"attachment_366\" aria-labelledby=\"figcaption_attachment_366\" class=\"wp-caption alignleft\" style=\"width: 150px\"><a style=\"text-align: left;\" href=\"https:\/\/www.taekwondo-rhoen.de\/wp-content\/uploads\/2018\/12\/01_Hyung_Tae-Kim_1.jpg\"><img loading=\"lazy\" decoding=\"async\" class=\"wp-image-366 size-thumbnail\" src=\"https:\/\/www.taekwondo-rhoen.de\/wp-content\/uploads\/2018\/12\/01_Hyung_Tae-Kim_1-150x150.jpg\" alt=\"?\" width=\"150\" height=\"150\" \/><\/a><figcaption id=\"figcaption_attachment_366\" class=\"wp-caption-text\">Hyung Tae<\/figcaption><\/figure>\n<ul>\n<li>2001: Beginn mit TKD auf der Insel Geoje (S\u00fcdkorea)<\/li>\n<li>2003: Beginn mit Hapkido<\/li>\n<li>2006: Beginn des Studiums der Asian Martial Arts<\/li>\n<li>2007: Leiter des Hapkido Vorf\u00fchrungs-Team und Leiter des Yongsan Universit\u00e4ts Asian Martial Arts Vorf\u00fchrungs-Team<\/li>\n<li>2015: Trainer C-Lizenz und Pr\u00fcferlizenz<\/li>\n<li>5. Dan Taekwondo, 4. Dan Hapkido, 1. Dan Karate, 1. Dan Judo<\/li>\n<\/ul>\n<p>&nbsp;<\/p>\n<p>&nbsp;<\/p>\n<figure id=\"attachment_262\" aria-labelledby=\"figcaption_attachment_262\" class=\"wp-caption alignleft\" style=\"width: 150px\"><a href=\"https:\/\/www.taekwondo-rhoen.de\/wp-content\/uploads\/2017\/03\/IMG_2976-e1489424707598.jpg\"><img loading=\"lazy\" decoding=\"async\" class=\"wp-image-262 size-thumbnail\" src=\"https:\/\/www.taekwondo-rhoen.de\/wp-content\/uploads\/2017\/03\/IMG_2976-150x150.jpg\" alt=\"Richi\" width=\"150\" height=\"150\" \/><\/a><figcaption id=\"figcaption_attachment_262\" class=\"wp-caption-text\">Richi<\/figcaption><\/figure>\n<ul>\n<li>2001: Beginn mit TKD im TKD-Verein Rh\u00f6n-Grabfeld<\/li>\n<li>2010: 1. Dan Taekwondo<\/li>\n<li>2012: 2. Dan Taekwondo<\/li>\n<\/ul>\n<p>&nbsp;<\/p>\n<p>&nbsp;<\/p>\n<p>&nbsp;<\/p>\n<p>&nbsp;<\/p>\n<figure id=\"attachment_158\" aria-labelledby=\"figcaption_attachment_158\" class=\"wp-caption alignleft\" style=\"width: 150px\"><a href=\"https:\/\/www.taekwondo-rhoen.de\/wp-content\/uploads\/2015\/04\/Silvia.png\"><img loading=\"lazy\" decoding=\"async\" class=\"wp-image-158 size-thumbnail\" src=\"https:\/\/www.taekwondo-rhoen.de\/wp-content\/uploads\/2015\/04\/Silvia-150x150.png\" alt=\"Silvia\" width=\"150\" height=\"150\" srcset=\"https:\/\/www.taekwondo-rhoen.de\/wp-content\/uploads\/2015\/04\/Silvia-150x150.png 150w, https:\/\/www.taekwondo-rhoen.de\/wp-content\/uploads\/2015\/04\/Silvia-300x300.png 300w, https:\/\/www.taekwondo-rhoen.de\/wp-content\/uploads\/2015\/04\/Silvia-1024x1024.png 1024w\" sizes=\"(max-width: 150px) 100vw, 150px\" \/><\/a><figcaption id=\"figcaption_attachment_158\" class=\"wp-caption-text\">Silvia<\/figcaption><\/figure>\n<ul>\n<li>1981: Beginn mit TKD im TKD-Verein in Erlangen<\/li>\n<li>1989: Mitbegr\u00fcnder des TKD-Vereins Rh\u00f6n-Grabfeld<\/li>\n<li>1993: 1. Dan Taekwondo<\/li>\n<li>1997: 2. Dan Taekwondo<\/li>\n<\/ul>\n<p>&nbsp;<\/p>\n<p>&nbsp;<\/p>\n<p>&nbsp;<\/p>\n<p>&nbsp;<\/p>\n<figure id=\"attachment_819\" aria-labelledby=\"figcaption_attachment_819\" class=\"wp-caption alignleft\" style=\"width: 150px\"><a href=\"https:\/\/www.taekwondo-rhoen.de\/wp-content\/uploads\/2024\/01\/15_Neil.jpg\"><img loading=\"lazy\" decoding=\"async\" class=\"size-thumbnail wp-image-819\" src=\"https:\/\/www.taekwondo-rhoen.de\/wp-content\/uploads\/2024\/01\/15_Neil-150x150.jpg\" alt=\"Co-Trainer Kinder\" width=\"150\" height=\"150\" \/><\/a><figcaption id=\"figcaption_attachment_819\" class=\"wp-caption-text\">Neil<\/figcaption><\/figure>\n<ul>\n<li>2014: Beginn mit TKD im TKD Verein Rh\u00f6n-Grabfeld<\/li>\n<li>2022: 1. Kup Taekwondo<\/li>\n<li>2022: Co-Trainer im Kindertraining<\/li>\n<\/ul>\n<p>&nbsp;<\/p>\n<p>&nbsp;<\/p>\n<p>&nbsp;<\/p>\n<p>&nbsp;<\/p>\n<p>&nbsp;<\/p>\n","protected":false},"excerpt":{"rendered":"<p>&nbsp; Unser Trainerteam &nbsp; 1996: Beginn mit TKD im TKD-Verein Rh\u00f6n-Grabfeld 2011 und 2012: Platz 2 bei den deutschen Hochschulmeisterschaften 2013: Bronzemedaille bei den europ\u00e4ischen Hochschulmeisterschaften in Moskau 5. Dan Taekwondo &nbsp; &nbsp; &nbsp; 2001: Beginn mit TKD auf der Insel Geoje (S\u00fcdkorea) 2003: Beginn mit Hapkido 2006: Beginn des Studiums der Asian Martial Arts [&hellip;]<\/p>\n","protected":false},"author":1,"featured_media":0,"parent":10,"menu_order":10,"comment_status":"closed","ping_status":"closed","template":"page-templates\/full-width.php","meta":{"jetpack_post_was_ever_published":false,"footnotes":""},"class_list":["post-25","page","type-page","status-publish","hentry"],"jetpack_sharing_enabled":true,"jetpack_shortlink":"https:\/\/wp.me\/P61475-p","_links":{"self":[{"href":"https:\/\/www.taekwondo-rhoen.de\/index.php?rest_route=\/wp\/v2\/pages\/25"}],"collection":[{"href":"https:\/\/www.taekwondo-rhoen.de\/index.php?rest_route=\/wp\/v2\/pages"}],"about":[{"href":"https:\/\/www.taekwondo-rhoen.de\/index.php?rest_route=\/wp\/v2\/types\/page"}],"author":[{"embeddable":true,"href":"https:\/\/www.taekwondo-rhoen.de\/index.php?rest_route=\/wp\/v2\/users\/1"}],"replies":[{"embeddable":true,"href":"https:\/\/www.taekwondo-rhoen.de\/index.php?rest_route=%2Fwp%2Fv2%2Fcomments&post=25"}],"version-history":[{"count":24,"href":"https:\/\/www.taekwondo-rhoen.de\/index.php?rest_route=\/wp\/v2\/pages\/25\/revisions"}],"predecessor-version":[{"id":820,"href":"https:\/\/www.taekwondo-rhoen.de\/index.php?rest_route=\/wp\/v2\/pages\/25\/revisions\/820"}],"up":[{"embeddable":true,"href":"https:\/\/www.taekwondo-rhoen.de\/index.php?rest_route=\/wp\/v2\/pages\/10"}],"wp:attachment":[{"href":"https:\/\/www.taekwondo-rhoen.de\/index.php?rest_route=%2Fwp%2Fv2%2Fmedia&parent=25"}],"curies":[{"name":"wp","href":"https:\/\/api.w.org\/{rel}","templated":true}]}}